e m(13).
-7
Let l(w) = 21*w**2 + 314*w + 1599. Determine l(-5).
554
Let m(a) = 1044*a**2 + 18822*a + 542. What is m(-18)?
2
Let n(y) = -105*y**2 - 127*y - 388. What is n(-3)?
-952
Let o(q) = -2*q**2 + 258*q + 7670. Give o(153).
326
Let d(n) = -23270*n**2 - 139619*n + 14. Give d(-6).
8
Let x(i) = -7890*i - 244873. What is x(-31)?
-283
Let a(f) = 2*f**3 + 193*f**2 - 217*f + 7541. Calculate a(-98).
-5
Let h(a) = 150*a + 32578. What is h(-236)?
-2822
Let t(y) = -601*y - 33684. Determine t(-55).
-629
Let u(i) = -2*i**2 - 35*i - 359. Determine u(-17).
-342
Let j(h) = -2*h**3 + h**2 + 5*h + 67. Determine j(-5).
317
Let v(g) = -269584*g - 1078325. Calculate v(-4).
11
Let d(v) = 2*v**2 - 56*v - 25193. What is d(127)?
-47
Let x(a) = 20*a**3 + 341*a**2 - 21*a - 656. Give x(-17).
-10
Let s(f) = -1982*f - 50959. What is s(-26)?
573
Let m(h) = 257456*h - 3346933. What is m(13)?
-5
Let p(c) = c**3 + 10*c**2 + 48*c + 162. Give p(-6).
18
Let r(b) = 10866*b + 804093. Calculate r(-74).
9
Let u(q) = q**2 - 153*q + 3461. Determine u(125).
-39
Let v(x) = x**3 + 12638*x**2 - x + 14. What is v(0)?
14
Let m(v) = 5*v**2 - 4583*v + 1008516. What is m(367)?
0
Let h(n) = -688*n + 93925. Calculate h(135).
1045
Let y(t) = t**2 + 57022*t + 855096. Determine y(-15).
-9
Let l(x) = -11190*x + 167856. What is l(15)?
6
Let m(c) = -51*c**3 + 182*c**2 + 2182*c - 22. Determine m(-5).
-7
Let c(x) = 143*x**2 - 14*x - 34. What is c(0)?
-34
Let o(g) = -2596*g + 72702. Determine o(28).
14
Let f(m) = m**3 - 15. Determine f(3).
12
Let a(w) = 24*w**2 + 1529*w + 18097. Determine a(-48).
1
Let k(l) = 3*l**3 - 86*l**2 - 1341*l + 36628. What is k(30)?
-2
Let n(y) = -y**3 + 133*y**2 - 52*y - 27519. Calculate n(131).
-9
Let k(o) = 3*o**3 + 117*o**2 + 12*o + 320. Give k(-39).
-148
Let u(j) = -2*j**3 + 277*j**2 + 4607*j + 17. Calculate u(-15).
-13
Let g(m) = m**3 - 1108*m**2 - 227*m + 251517. Calculate g(1108).
1
Let z(i) = 80*i + 4941. Give z(-64).
-179
Let q(p) = 2*p**3 + 31*p**2 - 57*p - 3. Determine q(-10).
1667
Let j(o) = 9*o**3 - 2260*o**2 + 247*o + 1006. Calculate j(251).
2
Let b(p) = -664*p - 21234. Calculate b(-32).
14
Let w(x) = 1543*x + 47587. Calculate w(-33).
-3332
Let r(c) = 519707*c + 2078829. Determine r(-4).
1
Let n(d) = d**3 + 303*d**2 + 2760*d - 131974. Determine n(-292).
10
Let w(a) = -1351*a + 1750. Give w(1).
399
Let q(i) = -5*i**3 - 120*i**2 - 303*i + 10. What is q(-3)?
-26
Let g(b) = -267*b**3 - 534*b**2 + 1372*b + 2744. What is g(-2)?
0
Let c(f) = -f**2 + 222*f - 12546. Calculate c(100).
-346
Let u(l) = -l**3 + 107*l**2 + 762*l - 9306. Calculate u(113).
186
Let r(v) = 13*v**2 - 3189*v + 10388. Determine r(242).
-18
Let f(u) = 208*u**2 - 47632*u + 2. Calculate f(229).
2
Let v(y) = 911*y + 89368. Determine v(-98).
90
Let y(c) = 598*c**2 + 554*c + 6. Give y(-1).
50
Let w(h) = -3*h**3 + 25*h**2 + 74*h - 245. Calculate w(2).
-21
Let m(s) = 759*s - 6036. Give m(8).
36
Let t(j) = -3*j**3 + 21*j**2 - 25*j + 88. Determine t(12).
-2372
Let x(u) = u**3 + 61*u**2 - 326*u - 23545. Calculate x(-60).
-385
Let g(w) = -11*w**2 + 1420*w + 24817. Give g(-17).
-2502
Let b(q) = 205*q**2 - 3061*q - 7. Determine b(15).
203
Let f(u) = 14*u**2 - 874*u - 7892. What is f(-9)?
1108
Let h(b) = -2*b**3 + 442*b**2 + 429*b + 3418. What is h(222)?
88
Let r(t) = 899134*t + 66535921. Give r(-74).
5
Let y(u) = -10*u**2 + 2506*u - 54393. Calculate y(24).
-9
Let u(d) = -1877*d - 328553. What is u(-175)?
-78
Let a(n) = 21670*n - 498712. Calculate a(23).
-302
Let b(c) = 2*c**3 - 456*c**2 - 616*c + 140445. What is b(228)?
-3
Let z(j) = 3*j**2 - 391*j + 6935. Determine z(19).
589
Let p(w) = 9*w**3 + 2259*w**2 - 19*w - 4766. Calculate p(-251).
3
Let n(c) = -181*c**2 + 51032*c + 2476. What is n(282)?
-344
Let q(k) = 2*k**2 + 158*k + 2405. What is q(-14)?
585
Let h(v) = -735*v + 50657. What is h(69)?
-58
Let x(h) = 3*h**2 - 228*h - 1009. What is x(99)?
5822
Let y(t) = t**3 - 150*t**2 + 549*t - 15871. Give y(147).
5
Let y(p) = 220*p + 15603. Determine y(-70).
203
Let i(p) = p**3 - 145*p**2 + 1109*p - 1721. Give i(137).
60
Let b(l) = -5*l**2 + 93*l - 81. Give b(0).
-81
Let q(g) = 852*g - 5724. Give q(7).
240
Let h(j) = j**3 - 119*j**2 + 350*j + 220. Determine h(116).
452
Let s(o) = -6575*o + 289304. Determine s(44).
4
Let n(v) = -5*v**3 - 44*v**2 + 1116*v - 72. Determine n(-20).
8
Let n(a) = 3*a**3 + 1558*a**2 + 11277*a + 6655. Determine n(-512).
-1
Let p(s) = -2*s**2 + 2981*s - 1067716. What is p(892)?
8
Let z(f) = f**3 - 56*f**2 + 752*f - 130. Determine z(22).
-42
Let c(b) = -3*b**3 + 4*b**2 - 477*b - 1437. What is c(-3)?
111
Let g(y) = 192*y**2 - 5388*y + 40. What is g(28)?
-296
Let x(r) = 11206*r + 1030946. What is x(-92)?
-6
Let p(u) = -u**2 + 101252*u - 7487166. Calculate p(74).
6
Let a(v) = 751*v**3 - 1513*v**2 - 25*v + 26. Calculate a(2).
-68
Let z(x) = -x**3 - 52*x**2 - 101*x + 357. Calculate z(-49).
-1897
Let s(x) = -x**3 + 133*x**2 - 731*x - 61368. What is s(123)?
9
Let s(c) = 374244*c - 1871198. Give s(5).
22
Let n(p) = 916*p - 80844. Calculate n(88).
-236
Let h(g) = 5*g**2 - 651*g - 2063. Determine h(133).
-201
Let l(b) = -b**2 - 1407*b + 269786. Give l(171).
-52
Let m(q) = 166*q**2 + 3026*q + 680. Calculate m(-18).
-4
Let i(m) = m**3 + 26*m**2 - 4*m + 418. What is i(-26)?
522
Let n(q) = -q**2 - 21846*q + 4164617. What is n(189)?
2
Let a(w) = 39043*w + 38990. Calculate a(-1).
-53
Let n(o) = -28*o + 8615. Give n(310).
-65
Let d(w) = -46*w**2 + 309*w - 273. Calculate d(1).
-10
Let r(z) = -936*z - 112. Calculate r(0).
-112
Let f(a) = -562*a - 4692. Calculate f(-9).
366
Let b(q) = -265*q + 22744. Determine b(86).
-46
Let v(b) = 5333*b + 31980. Calculate v(-6).
-18
Let u(b) = -27774*b - 83319. Calculate u(-3).
3
Let o(r) = -180*r**2 + 38*r + 41. Determine o(-1).
-177
Let w(l) = -848*l**2 - 6814*l - 15. What is w(-8)?
225
Let n(r) = 2*r**2 + 2180*r - 9. Give n(0).
-9
Let v(s) = s**2 + 158329*s + 1108237. Give v(-7).
-17
Let v(w) = -39*w**3 - 6*w**2 - 96*w - 175. Calculate v(-2).
305
Let b(s) = -s**3 + 15*s**2 + 1051*s - 12042. What is b(11)?
3
Let n(j) = -j**2 - 47*j - 135. Determine n(9).
-639
Let n(z) = -23*z**3 + 21*z**2 - 63*z - 12. Give n(4).
-1400
Let w(b) = 3*b**2 + 280881*b - 842640. What is w(3)?
30
Let q(i) = 956*i - 6630. What is q(7)?
62
Let s(g) = 283*g + 6572. Determine s(-24).
-220
Let n(j) = j**2 - 678*j + 17620. What is n(27)?
43
Let s(z) = 8*z**3 - 1407*z**2 - 196*z + 483. Calculate s(176).
-3037
Let h(q) = -20*q**2 - 726*q - 221. Determine h(-36).
-5
Let c(h) = -7*h**2 - 34*h + 71. Calculate c(2).
-25
Let q(n) = -25*n**3 + 356*n**2 + 81*n + 100. Give q(14).
2410
Let u(i) = i**2 - 4205*i - 71831. Determine u(-17).
-57
Let b(f) = -f**3 + 140*f**2 + 208. Give b(140).
208
Let c(y) = -533*y**2 + 17*y + 297. Determine c(0).
297
Let s(p) = -18*p**2 + 48618*p + 48620. What is s(-1)?
-16
Let o(s) = -18*s**2 + 1222*s - 5041. Calculate o(4).
-441
Let d(r) = 5458*r**2 + 338383*r - 810. Determine d(-62).
-4
Let z(c) = 7*c**3 + 1051*c**2 + 154*c + 585. Give z(-150).
-15
Let s(q) = -12741*q + 127416. What is s(10)?
6
Let s(k) = k**2 + 110586*k + 442333. Give s(-4).
5
Let g(v) = -v**3 + 22*v**2 + 22*v + 30. What is g(24)?
-594
Let w(d) = 3608*d + 25297. Determine w(-7).
41
Let s(g) = -53*g - 422. What is s(7)?
-793
Let u(t) = 33*t**3 - 68*t**2 - 2. Give u(2).
-10
Let s(o) = 2*o**3 - 19*o**2 + 1562*o - 17138. Determine s(11).
407
Let c(z) = -2*z**3 + 355*z**2 + 169*z + 1874. What is c(178)?
272
Let d(m) = -6*m**2 + 3280*m - 9851. What is d(3)?
-65
Let j(v) = 89*v + 10886. What is j(-113)?
829
Let b(r) = -r**2 + 15095*r + 181247. Give b(-12).
-37
Let j(m) = 111*m**2 + 579*m - 11231. What is j(-13)?
1
Let i(q) = 12752*q + 191287. Determine i(-15).
7
Let t(d) = 658*d + 67732. Determine t(-103).
-42
Let y(o) = 90*o**2 + 1205*o - 5522. Give y(-17).
3
Let l(x) = 484*x**2 + 5341*x + 40. Determine l(-11).
-147
Let j(u) = u**3 + 14*u**2 - 606*u - 280. Calculate j(-31).
2169
Let i(v) = 21*v**2 - 613*v + 2327. Determine i(4).
211
Let g(v) = 18*v**2 - 4208*v - 21029. Calculate g(-5).
461
Let s(w) = 8188*w + 221068. Give s(-27).
-8
Let p(o) = 5*o**2 - 13*o + 94. Determine p(12).
658
Let k(h) = h**3 + 362*h**2 + 14543*h + 2204. Give k(-316).
-8
Let n(j) = 499*j + 7958. What is n(-16)?
-26
Let m(z) = 7*z**2 - 18*z - 1314